3?
97, 77249
What are the prime factors of 136721?
13, 809
List the prime factors of 7792577.
13, 599429
List the prime factors of 8461923.
3, 2820641
List the prime factors of 6148026.
2, 3, 341557
List the prime factors of 36026935.
5, 7, 1029341
What are the prime factors of 4754473?
47, 101159
List the prime factors of 1912253.
7, 43, 6353
What are the prime factors of 2744629?
2744629
What are the prime factors of 21420?
2, 3, 5, 7, 17
List the prime factors of 750359.
89, 8431
What are the prime factors of 1038042?
2, 3, 47, 409
What are the prime factors of 104211?
3, 11579
What are the prime factors of 478101?
3, 13, 23, 41
What are the prime factors of 1391474?
2, 7, 99391
What are the prime factors of 5956053?
3, 401, 4951
What are the prime factors of 827916?
2, 3, 68993
List the prime factors of 2102.
2, 1051
List the prime factors of 173811.
3, 11, 23, 229
List the prime factors of 8031568.
2, 223, 2251
What are the prime factors of 11637125?
5, 93097
List the prime factors of 4390337.
7, 627191
What are the prime factors of 967419?
3, 17, 6323
What are the prime factors of 129815?
5, 7, 3709
What are the prime factors of 756182?
2, 7, 54013
List the prime factors of 10453240.
2, 5, 7, 37, 1009
What are the prime factors of 3197254?
2, 61, 73, 359
List the prime factors of 1724237.
37, 46601
What are the prime factors of 11654941?
11654941
List the prime factors of 6708568.
2, 838571
What are the prime factors of 925976?
2, 283, 409
What are the prime factors of 131603?
101, 1303
List the prime factors of 20401928.
2, 41, 62201
What are the prime factors of 6940070?
2, 5, 41, 16927
List the prime factors of 179437.
179437
List the prime factors of 193574.
2, 96787
What are the prime factors of 102022?
2, 29, 1759
What are the prime factors of 2294872?
2, 286859
What are the prime factors of 5129800?
2, 5, 13, 1973
List the prime factors of 1154015.
5, 443, 521
List the prime factors of 124427.
124427
What are the prime factors of 17104235?
5, 431, 7937
What are the prime factors of 1212408?
2, 3, 1871
What are the prime factors of 13085491?
13085491
List the prime factors of 99987.
3, 33329
What are the prime factors of 6307044?
2, 3, 79, 6653
What are the prime factors of 195382?
2, 11, 83, 107
List the prime factors of 59460.
2, 3, 5, 991
What are the prime factors of 982816?
2, 30713
List the prime factors of 196916.
2, 19, 2591
What are the prime factors of 445622?
2, 181, 1231
List the prime factors of 340306.
2, 17, 10009
List the prime factors of 682498.
2, 127, 2687
List the prime factors of 107164.
2, 73, 367
List the prime factors of 337531.
29, 103, 113
List the prime factors of 560999.
401, 1399
List the prime factors of 9039737.
7, 1291391
List the prime factors of 18164109.
3, 17, 31, 11489
What are the prime factors of 221227?
221227
List the prime factors of 645408.
2, 3, 83
List the prime factors of 4567758.
2, 3, 13, 157, 373
What are the prime factors of 22281?
3, 7, 1061
What are the prime factors of 10266960?
2, 3, 5, 11, 3889
List the prime factors of 152359.
151, 1009
What are the prime factors of 422741?
11, 38431
What are the prime factors of 625824?
2, 3, 41, 53
List the prime factors of 288054.
2, 3, 13, 1231
What are the prime factors of 21862312?
2, 19, 143831
List the prime factors of 1099913.
331, 3323
What are the prime factors of 15194493?
3, 562759
List the prime factors of 1501992.
2, 3, 23, 907
What are the prime factors of 1107494?
2, 553747
What are the prime factors of 1285708?
2, 321427
List the prime factors of 18470742.
2, 3, 3078457
What are the prime factors of 153344?
2, 599
List the prime factors of 7689979.
11, 699089
What are the prime factors of 34462?
2, 17231
List the prime factors of 726663.
3, 7, 34603
What are the prime factors of 6782306?
2, 227, 14939
List the prime factors of 77653.
19, 61, 67
List the prime factors of 585214.
2, 7, 41801
List the prime factors of 421285.
5, 109, 773
What are the prime factors of 12379243?
587, 21089
What are the prime factors of 2512130?
2, 5, 229, 1097
List the prime factors of 25928480.
2, 5, 162053
What are the prime factors of 1590306?
2, 3, 239, 1109
List the prime factors of 5726801.
101, 56701
List the prime factors of 21701911.
7, 11, 17, 59, 281
What are the prime factors of 39082766?
2, 19541383
List the prime factors of 273575.
5, 31, 353
List the prime factors of 12075842.
2, 131, 46091
List the prime factors of 1593168.
2, 3, 33191
What are the prime factors of 190351?
7, 71, 383
What are the prime factors of 186958?
2, 93479
What are the prime factors of 303599?
233, 1303
What are the prime factors of 610032?
2, 3, 71, 179
What are the prime factors of 2842726?
2, 151, 9413
What are the prime factors of 217297?
29, 59, 127
What are the prime factors of 414382?
2, 207191
List the prime factors of 12572664.
2, 3, 13, 59, 683
List the prime factors of 33179333.
11, 83, 36341
What are the prime factors of 1054423?
1054423
List the prime factors of 189845.
5, 43, 883
What are the prime factors of 259722?
2, 3, 47, 307
What are the prime factors of 1913?
1913
List the prime factors of 345598.
2, 11, 23, 683
What are the prime factors of 5403987?
3, 59, 10177
List the prime factors of 73949.
73, 1013
What are the prime factors of 3930365?
5, 541, 1453
What are the prime factors of 1662219?
3, 13, 14207
List the prime factors of 23824573.
23, 29, 1553
List the prime factors of 232874.
2, 116437
List the prime factors of 182336.
2, 7, 11, 37
What are the prime factors of 9745928?
2, 23, 52967
What are the prime factors of 319633?
83, 3851
List the prime factors of 158043.
3, 139, 379
What are the prime factors of 4346181?
3, 7, 149, 463
What are the prime factors of 4821914?
2, 17, 37, 3833
List the prime factors of 562582.
2, 281291
What are the prime factors of 44039?
47, 937
List the prime factors of 439326.
2, 3, 24407
List the prime factors of 571673.
571673
List the prime factors of 5749799.
11, 19, 41, 61
What are the prime factors of 853436?
2, 213359
What are the prime factors of 16290909?
3, 269, 2243
What are the prime factors of 744278?
2, 103, 3613
List the prime factors of 2060124.
2, 3, 11, 15607
List the prime factors of 4394390.
2, 5, 7, 11, 13, 439
What are the prime factors of 44292?
2, 3, 3691
List the prime factors of 1752829.
13, 109, 1237
What are the prime factors of 1438735?
5, 287747
List the prime factors of 23396494.
2, 11, 1063477
What are the prime factors of 1422487?
11, 89, 1453
List the prime factors of 3791561.
17, 271, 823
What are the prime factors of 37770149?
1279, 29531
What are the prime factors of 126506?
2, 43, 1471
What are the prime factors of 423337?
349, 1213
List the prime factors of 2553637.
2553637
What are the prime factors of 11040518?
2, 5520259
List the prime factors of 6821177.
11, 29, 21383
List the prime factors of 656090.
2, 5, 65609
List the prime factors of 13230400.
2, 5, 8269
List the prime factors of 7446168.
2, 3, 11491
List the prime factors of 1432944.
2, 3, 31, 107
List the prime factors of 190242.
2, 3, 13, 271
What are the prime factors of 684094?
2, 342047
List the prime factors of 5167965.
3, 5, 11, 31321
List the prime factors of 1344841.
41, 32801
What are the prime factors of 12710?
2, 5, 31, 41
What are the prime factors of 1145806?
2, 572903
What are the prime factors of 4959484?
2, 911, 1361
List the prime factors of 517496.
2, 7, 9241
What are the prime factors of 226767?
3, 269, 281
List the prime factors of 269354.
2, 134677
List the prime factors of 1699949.
17, 19, 277
List the prime factors of 340340.
2, 5, 7, 11, 13, 17
What are the prime factors of 1279495?
5, 7, 139, 263
What are the prime factors of 7220478?
2, 3, 17, 29, 2441
List the prime factors of 3079505.
5, 11, 13, 59, 73
List the prime factors of 895577.
17, 139, 379
What are the prime factors of 154761?
3, 79, 653
What are the prime factors of 80844?
2, 3, 6737
List the prime factors of 1073765.
5, 7, 11, 2789
List the prime factors of 19364958.
2, 3, 769, 1399
List the prime factors of 138522.
2, 3, 23087
What are the prime factors of 701805?
3, 5, 13, 59, 61
List the prime factors of 4016800.
2, 5, 5021
What are the prime factors of 1058227?
1058227
List the prime factors of 37298.
2, 